me factors of c(-16)?
2, 461
Suppose 10*s = 5*s + 4250. List the prime factors of s.
2, 5, 17
Suppose 67*n + 10886 = 71*n + 5*p, -p = 2. List the prime factors of n.
2, 3, 227
Let s be ((-2)/(-3))/((-1)/(-12)). Let m = -107 - -105. List the prime factors of m/s + 250/8.
31
Let o = 104 + 144. What are the prime factors of o?
2, 31
Let c = -61 - -64. Suppose -s + 818 = c*n, -5*n + 0*n + 5*s + 1370 = 0. What are the prime factors of n?
3, 7, 13
Let b = 4546 - 2909. List the prime factors of b.
1637
Suppose 4*f - 4342 = l, -7*l + 5*l + 1081 = f. What are the prime factors of f?
5, 7, 31
Suppose -9*n + 1505 = -4687. List the prime factors of n.
2, 43
Let h(r) be the third derivative of -r**5/60 - 13*r**4/24 - 7*r**3/6 - 4*r**2. Let y be h(-12). Suppose 0*u - y*u = -15. List the prime factors of u.
3
Let m(q) = -2*q - 14*q - 5*q**2 - q + 9 + 2*q**3 - 3*q. List the prime factors of m(6).
3, 47
Let n be (86 + 1)*(-2)/6. Let b = 41 + n. What are the prime factors of 26/10 + b/(-20)?
2
Suppose 0 = -12*x + x - x. Suppose 25*o - 20*o - 460 = x. List the prime factors of o.
2, 23
Let p be (-2)/(-11) + 265/55. Suppose -3*l + 4*x - 7 = 0, -2*l = -3*l + 5*x + p. Let d = l - -17. What are the prime factors of d?
2, 3
Let r(q) be the second derivative of 9*q - 15/2*q**2 + 0 + 1/3*q**3. List the prime factors of r(11).
7
Let b = 1103 + -638. What are the prime factors of b?
3, 5, 31
Suppose 28*v - 38*v = -10540. What are the prime factors of v?
2, 17, 31
Suppose 5*k = 3*g - 87, -5*g = 3*k - 9 - 102. Let n = 123 - g. List the prime factors of n.
3, 11
Let k be (-1226*1/4)/((-2)/4). Let t = k - 406. What are the prime factors of t?
3, 23
Let n(j) = 58*j**2 + 54*j - 38. What are the prime factors of n(-6)?
2, 863
Let b = 1073 + -343. What are the prime factors of b?
2, 5, 73
Let m be ((-4)/(-5))/((-3)/(-15)). Let t be m/4*177 - 2. Suppose 0 = -6*i + 95 + t. What are the prime factors of i?
3, 5
Suppose -15*r - 6642 = -21*r. Suppose -8*a = a - r. What are the prime factors of a?
3, 41
Suppose -7*k + 11*k = -8. What are the prime factors of (24 + -3)/(-3)*k?
2, 7
Suppose -3*m = -4*m - 8. Let l(j) = -8*j + 11. Let d be l(m). Let n = 122 - d. List the prime factors of n.
47
List the prime factors of 1*2978 + 17/(-17).
13, 229
Suppose -4*v + 3*z + 2450 = -3364, 5*z + 5818 = 4*v. What are the prime factors of v?
2, 3, 11
Suppose -6*l = -4*k - 2*l + 1888, k - 3*l = 466. List the prime factors of k.
5, 19
Let q(x) = -54*x**3 - x**2 - x. Let s be q(-1). What are the prime factors of (-2)/(-12) + 7065/s?
131
Let x be -2 + (3 - -1)/2. Suppose 2*t + x*t - 26 = 0. Suppose 2*r - t = 1. What are the prime factors of r?
7
Let a(w) = 306*w - 20. What are the prime factors of a(5)?
2, 5, 151
Suppose 4*w - 9*w = 0. Suppose w*c + 3*c = 0, 92 = -4*z - c. What are the prime factors of -4 - (z + 6 + -2)?
3, 5
Suppose 20*v - 1452 = 9*v. What are the prime factors of v?
2, 3, 11
Suppose 3*t = n + 292, -5*t + 2*n + 94 = -4*t. Let h = 112 - t. List the prime factors of h.
2, 7
Suppose -4*s + 4*a + 1472 = -a, -3*s - 4*a = -1104. Let i = s + -178. List the prime factors of i.
2, 5, 19
What are the prime factors of (-75)/125 - (42890/(-25) - -3)?
2, 107
Suppose 4*t + 4*g = 744, -3*t + 5*g - 387 = -5*t. Suppose -5*h - 61 = -t. Suppose -5*z + h = -16. List the prime factors of z.
2
Let q(n) = n**3 - 20*n**2 + 30*n - 26. What are the prime factors of q(20)?
2, 7, 41
Let k(x) = -x**2 + 14*x + 32. Let c be k(16). Suppose -4*a = -6*w + 2*w + 284, -73 = -w - a. Suppose -4*g + w = -c*g. What are the prime factors of g?
2, 3
Let l(f) = 2*f**2 - 4*f - 8. Let r(d) = d**2 + 10*d + 23. Let i be r(-8). Let a be (4 - (8 - 4)) + i. What are the prime factors of l(a)?
2, 31
Let l(q) be the third derivative of q**5/60 + q**4/8 - 7*q**3/3 + 31*q**2. List the prime factors of l(14).
2, 7
List the prime factors of -3*(-73 - 23)/(2/3).
2, 3
Suppose -4*b + 1348 = h, 6*b + 4*h = 9*b - 992. List the prime factors of b.
2, 3, 7
Let r = 1778 + 537. List the prime factors of r.
5, 463
Suppose 2*a - 49 = b, -3*b - a - 149 = -5*a. Suppose -5*n = -2*g + 156, 3*n + 216 = 7*g - 4*g. List the prime factors of ((-30)/4)/(b/g).
2, 5
Suppose -290*z = 3*b - 286*z - 12655, -4*z = -2*b + 8410. What are the prime factors of b?
11, 383
Suppose 5*g - 425 = 3*g - b, 4*b = 5*g - 1095. Let n = g + -67. What are the prime factors of n?
2, 37
Suppose -14 + 8 = -3*v. Let l be 16/12*(v + 1). Suppose 0 = -3*n - 0*w - 2*w + 6, 4*n - l*w = 28. What are the prime factors of n?
2
Suppose -19399 + 63055 = 34*y. List the prime factors of y.
2, 3, 107
Let r = -22 - -24. Let o(y) = 5*y**3 + 2*y**2 - 4*y + 2. List the prime factors of o(r).
2, 3, 7
Let p(i) = -i**2 + 14. Let t(d) = -d. Let j be t(0). Let y = j - 0. List the prime factors of p(y).
2, 7
Let k be 10/(-4) - (-8)/16. Let o be 12 - (k/(-1) + 0). Suppose o = 4*n + 2. List the prime factors of n.
2
Suppose 1441 = 63*c - 52*c. What are the prime factors of c?
131
Suppose 3*s = -v + 606, 2436 - 16 = 4*v + 8*s. List the prime factors of v.
3, 67
Let u(r) = 3*r**2 - 3*r + 3. Let h(l) = l**2 - l + 1. Let x(c) = -5*h(c) + 2*u(c). Let k(z) be the first derivative of x(z). List the prime factors of k(9).
17
Suppose 23 = 5*v - p, 5*p - 28 = -4*v + p. Let x(a) = -3 + a + 5*a + 15. List the prime factors of x(v).
2, 3, 7
Let y(x) be the first derivative of 1/4*x**4 - 9*x - 11 + 2*x**2 + 8/3*x**3. List the prime factors of y(-7).
2, 3
What are the prime factors of (90/(-40))/(3/(-336))?
2, 3, 7
Suppose 8220 = 47*l - 43*l. List the prime factors of l.
3, 5, 137
Let j(y) = 2*y + 32. Let u(v) = -2*v - 32. Let n(l) = -5*j(l) - 4*u(l). Let q be n(0). Let z = q + 54. List the prime factors of z.
2, 11
Let x(o) be the third derivative of o**4/12 - 2*o**3 + 3*o**2. Let u be x(8). Suppose -u*i = -16, 5*i = -3*r - 0*r + 92. List the prime factors of r.
2, 3
Let i be -1 + (2 - -1) - -1. Suppose 0 = -3*p + 6 + i, -5*p - 105 = -4*q. List the prime factors of (-2)/1 + 1*q.
2, 7
What are the prime factors of (-1 + (-9)/6)*(-2264)/10?
2, 283
Let o(d) = -d**3 - 16*d**2 - 15*d + 3. Let y be o(-15). Suppose y*l - 6 = -30. List the prime factors of (-258)/l + (-3)/12.
2
Let h(c) = 2 + c**2 + 10 - 5*c - 1 - 4. Let l = -10 + 16. List the prime factors of h(l).
13
Let d(a) = -a**3 - 6*a**2 - 8*a - 6. Suppose 2*k = -2 - 8. List the prime factors of d(k).
3
Suppose 22*r + 82215 = 49*r. What are the prime factors of r?
3, 5, 7, 29
Let l = 74 + -68. Suppose 5*w - 35 - 10 = 0. Suppose -w*c = -l*c - 54. List the prime factors of c.
2, 3
Suppose 5*n = 1 - 11, -3*n = -3*m + 15. Let d be -6 + 6 + m + 0. Suppose -x - 4 = -4*c, d*x + 5*c - 42 = 14. List the prime factors of x.
2, 3
Suppose 0 = 3*d - 4*d - 2, 3*u + 5*d - 215 = 0. What are the prime factors of u?
3, 5
Suppose -5*u + u - 424 = 0. Let i = 19 - u. What are the prime factors of i?
5
Let i = -2192 - -3264. List the prime factors of i.
2, 67
Let m be (-6 - -4)/(4/(-630)). Suppose -21*b = -18*b - m. List the prime factors of b.
3, 5, 7
Let u = 9413 - 5179. What are the prime factors of u?
2, 29, 73
Suppose -2*p + q = -2*q + 12, -5*p - 4*q = 53. Let a be -2 + (2 - 3 - 1). List the prime factors of (-276)/p + a/(-12).
31
Let i(r) = r**2 + 6*r + 4. Suppose -y + 2*d = 2, -y + 3*d = 3*y + 18. Let t be i(y). Suppose -3*z - 6 = 0, t*s + 0*z + z = 18. List the prime factors of s.
5
Let t = 10 + -5. Suppose 8 = -4*q - t*c, q + 26 = 3*q - 5*c. Suppose -q*x + 18 = -x. List the prime factors of x.
3
Let s be 38/3 - 14/21. Let w = -11 + s. Let f(k) = 28*k + 2. List the prime factors of f(w).
2, 3, 5
List the prime factors of ((-1026)/(-72))/(6/304).
2, 19
Suppose 0*c + c = 5. Suppose -w + 5*w + g = 652, c*g + 348 = 2*w. List the prime factors of w.
2, 41
What are the prime factors of (-4)/6 - 161680/(-141)?
2, 3, 191
Let l(n) = n**2 - 11*n + 0 + 0 - 4 + 3. List the prime factors of l(15).
59
Let y be 48 - (-4 - -9 - 1). Let m = y - -32. List the prime factors of m.
2, 19
Suppose -5*b - 87 = -2*f, -5*f + 0*f = -5*b - 255. Let k = f + -52. List the prime factors of k.
2
Suppose -5*k + 12 = -6*k. Let n = 43 + k. Let i = n - 10. What are the prime factors of i?
3, 7
Let g(a) = a**3 + 19*a**2 - 29*a - 9. Let n be g(-19). Suppose -4*i = -2*b + n, -b + 4*i = 5*i - 283. What are the prime factors 